{"id":356,"date":"2023-07-26T08:51:44","date_gmt":"2023-07-26T07:51:44","guid":{"rendered":"https:\/\/tvkallstadt.de\/?page_id=356"},"modified":"2023-07-26T10:13:35","modified_gmt":"2023-07-26T09:13:35","slug":"tanzsport-vereinsleben","status":"publish","type":"page","link":"https:\/\/tvkallstadt.de\/?page_id=356","title":{"rendered":"Tanzsport &#8211; Vereinsleben"},"content":{"rendered":"<nav class=\"has-text-color has-bright-blue-color items-justified-left wp-block-navigation is-horizontal is-content-justification-left is-layout-flex wp-container-core-navigation-is-layout-92fc3979 wp-block-navigation-is-layout-flex\"><ul class=\"wp-block-navigation__container has-text-color has-bright-blue-color items-justified-left wp-block-navigation\"><li class=\" wp-block-navigation-item wp-block-navigation-link\"><a class=\"wp-block-navigation-item__content\"  href=\"https:\/\/tvkallstadt.de\/?page_id=329\"><span class=\"wp-block-navigation-item__label\">Die Trainerin<\/span><\/a><\/li><li class=\" wp-block-navigation-item wp-block-navigation-link\"><a class=\"wp-block-navigation-item__content\"  href=\"https:\/\/tvkallstadt.de\/?page_id=341\"><span class=\"wp-block-navigation-item__label\">Historie<\/span><\/a><\/li><li class=\" wp-block-navigation-item wp-block-navigation-link\"><a class=\"wp-block-navigation-item__content\"  href=\"https:\/\/tvkallstadt.de\/?page_id=344\"><span class=\"wp-block-navigation-item__label\">Mitglied werden<\/span><\/a><\/li><li class=\" wp-block-navigation-item wp-block-navigation-link\"><a class=\"wp-block-navigation-item__content\"  href=\"https:\/\/tvkallstadt.de\/?page_id=347\"><span class=\"wp-block-navigation-item__label\">Repertoire<\/span><\/a><\/li><li class=\" wp-block-navigation-item wp-block-navigation-link\"><a class=\"wp-block-navigation-item__content\"  href=\"https:\/\/tvkallstadt.de\/?page_id=351\"><span class=\"wp-block-navigation-item__label\">\u00dcbungsabende<\/span><\/a><\/li><li class=\" wp-block-navigation-item wp-block-navigation-link\"><a class=\"wp-block-navigation-item__content\"  href=\"https:\/\/tvkallstadt.de\/?page_id=356\"><span class=\"wp-block-navigation-item__label\">Vereinsleben<\/span><\/a><\/li><li class=\" wp-block-navigation-item wp-block-navigation-link\"><a class=\"wp-block-navigation-item__content\"  href=\"https:\/\/tvkallstadt.de\/?page_id=359\"><span class=\"wp-block-navigation-item__label\">Kontakt<\/span><\/a><\/li><\/ul><\/nav>\n\n\n<p><\/p>\n\n\n\n<div class=\"wp-block-columns is-layout-flex wp-container-core-columns-is-layout-9d6595d7 wp-block-columns-is-layout-flex\">\n<div class=\"wp-block-column is-layout-flow wp-block-column-is-layout-flow\" style=\"flex-basis:66.66%\">\n<p><\/p>\n\n\n\n<p>Wir sitzen gerne nach dem Training noch auf ein Glas zusammen.<\/p>\n\n\n\n<p>Legend\u00e4r sind unser traditioneller Ausflug am 3. Oktober und das Weihnachtsessen.<\/p>\n\n\n\n<p>Wir engagieren uns f\u00fcr den Verein mit Standdienst z.B. bei der Saumagenkerwe und bei den Theaterauff\u00fchrungen in der Turnhalle.<\/p>\n<\/div>\n\n\n\n<div class=\"wp-block-column is-layout-flow wp-block-column-is-layout-flow\" style=\"flex-basis:33.33%\"><div class=\"wp-block-image\">\n<figure class=\"aligncenter size-full\"><img loading=\"lazy\" decoding=\"async\" width=\"117\" height=\"266\" src=\"https:\/\/tvkallstadt.de\/wp-content\/uploads\/2023\/07\/Tanz-Logo.png\" alt=\"\" class=\"wp-image-288\"\/><\/figure><\/div><\/div>\n<\/div>\n\n\n\n<div class=\"wp-block-columns is-layout-flex wp-container-core-columns-is-layout-9d6595d7 wp-block-columns-is-layout-flex\">\n<div class=\"wp-block-column is-layout-flow wp-block-column-is-layout-flow\" style=\"flex-basis:50%\"><div class=\"wp-block-image\">\n<figure class=\"aligncenter size-full is-resized\"><img loading=\"lazy\" decoding=\"async\" src=\"https:\/\/tvkallstadt.de\/wp-content\/uploads\/2023\/07\/Vereinsleben.jpg\" alt=\"\" class=\"wp-image-357\" width=\"210\" height=\"280\" srcset=\"https:\/\/tvkallstadt.de\/wp-content\/uploads\/2023\/07\/Vereinsleben.jpg 262w, https:\/\/tvkallstadt.de\/wp-content\/uploads\/2023\/07\/Vereinsleben-225x300.jpg 225w\" sizes=\"auto, (max-width: 210px) 85vw, 210px\" \/><\/figure><\/div>\n\n\n<p class=\"has-text-align-center\">K\u00fcchendienst bei der Auff\u00fchrung des Theaterst\u00fccks \u201eDem Himmel sei Dank\u201c \u2013 Januar 2015<\/p>\n<\/div>\n\n\n\n<div class=\"wp-block-column is-layout-flow wp-block-column-is-layout-flow\" style=\"flex-basis:50%\">\n<blockquote class=\"wp-block-quote is-layout-flow wp-block-quote-is-layout-flow\">\n<p>\u201eKein gesunder Mensch tanzt.\u201c<\/p>\n<cite>Marcus Tullius Cicero<\/cite><\/blockquote>\n<\/div>\n<\/div>\n","protected":false},"excerpt":{"rendered":"<p>Wir sitzen gerne nach dem Training noch auf ein Glas zusammen. Legend\u00e4r sind unser traditioneller Ausflug am 3. Oktober und das Weihnachtsessen. Wir engagieren uns f\u00fcr den Verein mit Standdienst z.B. bei der Saumagenkerwe und bei den Theaterauff\u00fchrungen in der Turnhalle. K\u00fcchendienst bei der Auff\u00fchrung des Theaterst\u00fccks \u201eDem Himmel sei Dank\u201c \u2013 Januar 2015 \u201eKein &hellip; <a href=\"https:\/\/tvkallstadt.de\/?page_id=356\" class=\"more-link\"><span class=\"screen-reader-text\">\u201eTanzsport &#8211; Vereinsleben\u201c<\/span> weiterlesen<\/a><\/p>\n","protected":false},"author":1,"featured_media":0,"parent":282,"menu_order":0,"comment_status":"closed","ping_status":"closed","template":"","meta":{"footnotes":""},"class_list":["post-356","page","type-page","status-publish","hentry"],"_links":{"self":[{"href":"https:\/\/tvkallstadt.de\/index.php?rest_route=\/wp\/v2\/pages\/356","targetHints":{"allow":["GET"]}}],"collection":[{"href":"https:\/\/tvkallstadt.de\/index.php?rest_route=\/wp\/v2\/pages"}],"about":[{"href":"https:\/\/tvkallstadt.de\/index.php?rest_route=\/wp\/v2\/types\/page"}],"author":[{"embeddable":true,"href":"https:\/\/tvkallstadt.de\/index.php?rest_route=\/wp\/v2\/users\/1"}],"replies":[{"embeddable":true,"href":"https:\/\/tvkallstadt.de\/index.php?rest_route=%2Fwp%2Fv2%2Fcomments&post=356"}],"version-history":[{"count":5,"href":"https:\/\/tvkallstadt.de\/index.php?rest_route=\/wp\/v2\/pages\/356\/revisions"}],"predecessor-version":[{"id":422,"href":"https:\/\/tvkallstadt.de\/index.php?rest_route=\/wp\/v2\/pages\/356\/revisions\/422"}],"up":[{"embeddable":true,"href":"https:\/\/tvkallstadt.de\/index.php?rest_route=\/wp\/v2\/pages\/282"}],"wp:attachment":[{"href":"https:\/\/tvkallstadt.de\/index.php?rest_route=%2Fwp%2Fv2%2Fmedia&parent=356"}],"curies":[{"name":"wp","href":"https:\/\/api.w.org\/{rel}","templated":true}]}}