{"id":347,"date":"2023-07-26T08:43:02","date_gmt":"2023-07-26T07:43:02","guid":{"rendered":"https:\/\/tvkallstadt.de\/?page_id=347"},"modified":"2023-07-26T10:13:06","modified_gmt":"2023-07-26T09:13:06","slug":"tanzsport-repertoire","status":"publish","type":"page","link":"https:\/\/tvkallstadt.de\/?page_id=347","title":{"rendered":"Tanzsport &#8211; Repertoire"},"content":{"rendered":"<nav class=\"has-text-color has-bright-blue-color items-justified-left wp-block-navigation is-horizontal is-content-justification-left is-layout-flex wp-container-core-navigation-is-layout-92fc3979 wp-block-navigation-is-layout-flex\"><ul class=\"wp-block-navigation__container has-text-color has-bright-blue-color items-justified-left wp-block-navigation\"><li class=\" wp-block-navigation-item wp-block-navigation-link\"><a class=\"wp-block-navigation-item__content\"  href=\"https:\/\/tvkallstadt.de\/?page_id=329\"><span class=\"wp-block-navigation-item__label\">Die Trainerin<\/span><\/a><\/li><li class=\" wp-block-navigation-item wp-block-navigation-link\"><a class=\"wp-block-navigation-item__content\"  href=\"https:\/\/tvkallstadt.de\/?page_id=341\"><span class=\"wp-block-navigation-item__label\">Historie<\/span><\/a><\/li><li class=\" wp-block-navigation-item wp-block-navigation-link\"><a class=\"wp-block-navigation-item__content\"  href=\"https:\/\/tvkallstadt.de\/?page_id=344\"><span class=\"wp-block-navigation-item__label\">Mitglied werden<\/span><\/a><\/li><li class=\" wp-block-navigation-item wp-block-navigation-link\"><a class=\"wp-block-navigation-item__content\"  href=\"https:\/\/tvkallstadt.de\/?page_id=347\"><span class=\"wp-block-navigation-item__label\">Repertoire<\/span><\/a><\/li><li class=\" wp-block-navigation-item wp-block-navigation-link\"><a class=\"wp-block-navigation-item__content\"  href=\"https:\/\/tvkallstadt.de\/?page_id=351\"><span class=\"wp-block-navigation-item__label\">\u00dcbungsabende<\/span><\/a><\/li><li class=\" wp-block-navigation-item wp-block-navigation-link\"><a class=\"wp-block-navigation-item__content\"  href=\"https:\/\/tvkallstadt.de\/?page_id=356\"><span class=\"wp-block-navigation-item__label\">Vereinsleben<\/span><\/a><\/li><li class=\" wp-block-navigation-item wp-block-navigation-link\"><a class=\"wp-block-navigation-item__content\"  href=\"https:\/\/tvkallstadt.de\/?page_id=359\"><span class=\"wp-block-navigation-item__label\">Kontakt<\/span><\/a><\/li><\/ul><\/nav>\n\n\n<p><\/p>\n\n\n\n<div class=\"wp-block-columns is-layout-flex wp-container-core-columns-is-layout-9d6595d7 wp-block-columns-is-layout-flex\">\n<div class=\"wp-block-column is-layout-flow wp-block-column-is-layout-flow\" style=\"flex-basis:66.66%\">\n<p><\/p>\n\n\n\n<p>Unser Programm umfasst die zehn klassischen T\u00e4nze aus dem Bereich der Latein- und Standardt\u00e4nze auf Breitensportniveau.<\/p>\n\n\n\n<p>Dar\u00fcber hinaus sind wir aber auch gegen\u00fcber Fran\u00e7aise, Salsa, Mambo u. a. aufgeschlossen.<\/p>\n<\/div>\n\n\n\n<div class=\"wp-block-column is-layout-flow wp-block-column-is-layout-flow\" style=\"flex-basis:33.33%\"><div class=\"wp-block-image\">\n<figure class=\"aligncenter size-full\"><img loading=\"lazy\" decoding=\"async\" width=\"117\" height=\"266\" src=\"https:\/\/tvkallstadt.de\/wp-content\/uploads\/2023\/07\/Tanz-Logo.png\" alt=\"\" class=\"wp-image-288\"\/><\/figure><\/div><\/div>\n<\/div>\n\n\n\n<div class=\"wp-block-columns is-layout-flex wp-container-core-columns-is-layout-9d6595d7 wp-block-columns-is-layout-flex\">\n<div class=\"wp-block-column is-layout-flow wp-block-column-is-layout-flow\" style=\"flex-basis:50%\"><div class=\"wp-block-image\">\n<figure class=\"aligncenter size-full\"><img loading=\"lazy\" decoding=\"async\" width=\"213\" height=\"281\" src=\"https:\/\/tvkallstadt.de\/wp-content\/uploads\/2023\/07\/Repertoire.jpg\" alt=\"\" class=\"wp-image-348\"\/><\/figure><\/div>\n\n\n<p class=\"has-text-align-center\">Quickstep<\/p>\n<\/div>\n\n\n\n<div class=\"wp-block-column is-layout-flow wp-block-column-is-layout-flow\" style=\"flex-basis:50%\">\n<blockquote class=\"wp-block-quote is-layout-flow wp-block-quote-is-layout-flow\">\n<p>\u201eTanzen ist tr\u00e4umen mit den Beinen.\u201c<\/p>\n<cite>Aus Finnland<\/cite><\/blockquote>\n<\/div>\n<\/div>\n","protected":false},"excerpt":{"rendered":"<p>Unser Programm umfasst die zehn klassischen T\u00e4nze aus dem Bereich der Latein- und Standardt\u00e4nze auf Breitensportniveau. Dar\u00fcber hinaus sind wir aber auch gegen\u00fcber Fran\u00e7aise, Salsa, Mambo u. a. aufgeschlossen. Quickstep \u201eTanzen ist tr\u00e4umen mit den Beinen.\u201c<\/p>\n","protected":false},"author":1,"featured_media":0,"parent":282,"menu_order":0,"comment_status":"closed","ping_status":"closed","template":"","meta":{"footnotes":""},"class_list":["post-347","page","type-page","status-publish","hentry"],"_links":{"self":[{"href":"https:\/\/tvkallstadt.de\/index.php?rest_route=\/wp\/v2\/pages\/347","targetHints":{"allow":["GET"]}}],"collection":[{"href":"https:\/\/tvkallstadt.de\/index.php?rest_route=\/wp\/v2\/pages"}],"about":[{"href":"https:\/\/tvkallstadt.de\/index.php?rest_route=\/wp\/v2\/types\/page"}],"author":[{"embeddable":true,"href":"https:\/\/tvkallstadt.de\/index.php?rest_route=\/wp\/v2\/users\/1"}],"replies":[{"embeddable":true,"href":"https:\/\/tvkallstadt.de\/index.php?rest_route=%2Fwp%2Fv2%2Fcomments&post=347"}],"version-history":[{"count":6,"href":"https:\/\/tvkallstadt.de\/index.php?rest_route=\/wp\/v2\/pages\/347\/revisions"}],"predecessor-version":[{"id":420,"href":"https:\/\/tvkallstadt.de\/index.php?rest_route=\/wp\/v2\/pages\/347\/revisions\/420"}],"up":[{"embeddable":true,"href":"https:\/\/tvkallstadt.de\/index.php?rest_route=\/wp\/v2\/pages\/282"}],"wp:attachment":[{"href":"https:\/\/tvkallstadt.de\/index.php?rest_route=%2Fwp%2Fv2%2Fmedia&parent=347"}],"curies":[{"name":"wp","href":"https:\/\/api.w.org\/{rel}","templated":true}]}}