{"id":282,"date":"2023-07-25T17:25:36","date_gmt":"2023-07-25T16:25:36","guid":{"rendered":"https:\/\/tvkallstadt.de\/?page_id=282"},"modified":"2023-07-26T09:42:34","modified_gmt":"2023-07-26T08:42:34","slug":"tanzsport-abteilung-die-taenzer","status":"publish","type":"page","link":"https:\/\/tvkallstadt.de\/?page_id=282","title":{"rendered":"Tanzsport-Abteilung"},"content":{"rendered":"<nav class=\"has-text-color has-bright-blue-color items-justified-left wp-block-navigation is-horizontal is-content-justification-left is-layout-flex wp-container-core-navigation-is-layout-92fc3979 wp-block-navigation-is-layout-flex\" aria-label=\"Tanzsport-Abteilung\"><ul class=\"wp-block-navigation__container has-text-color has-bright-blue-color items-justified-left wp-block-navigation\"><li class=\" wp-block-navigation-item wp-block-navigation-link\"><a class=\"wp-block-navigation-item__content\"  href=\"https:\/\/tvkallstadt.de\/?page_id=329\"><span class=\"wp-block-navigation-item__label\">Die Trainerin<\/span><\/a><\/li><li class=\" wp-block-navigation-item wp-block-navigation-link\"><a class=\"wp-block-navigation-item__content\"  href=\"https:\/\/tvkallstadt.de\/?page_id=341\"><span class=\"wp-block-navigation-item__label\">Historie<\/span><\/a><\/li><li class=\" wp-block-navigation-item wp-block-navigation-link\"><a class=\"wp-block-navigation-item__content\"  href=\"https:\/\/tvkallstadt.de\/?page_id=344\"><span class=\"wp-block-navigation-item__label\">Mitglied werden<\/span><\/a><\/li><li class=\" wp-block-navigation-item wp-block-navigation-link\"><a class=\"wp-block-navigation-item__content\"  href=\"https:\/\/tvkallstadt.de\/?page_id=347\"><span class=\"wp-block-navigation-item__label\">Repertoire<\/span><\/a><\/li><li class=\" wp-block-navigation-item wp-block-navigation-link\"><a class=\"wp-block-navigation-item__content\"  href=\"https:\/\/tvkallstadt.de\/?page_id=351\"><span class=\"wp-block-navigation-item__label\">\u00dcbungsabende<\/span><\/a><\/li><li class=\" wp-block-navigation-item wp-block-navigation-link\"><a class=\"wp-block-navigation-item__content\"  href=\"https:\/\/tvkallstadt.de\/?page_id=356\"><span class=\"wp-block-navigation-item__label\">Vereinsleben<\/span><\/a><\/li><li class=\" wp-block-navigation-item wp-block-navigation-link\"><a class=\"wp-block-navigation-item__content\"  href=\"https:\/\/tvkallstadt.de\/?page_id=359\"><span class=\"wp-block-navigation-item__label\">Kontakt<\/span><\/a><\/li><\/ul><\/nav>\n\n\n<h2 class=\"wp-block-heading\">Wir \u00fcber uns<\/h2>\n\n\n\n<div class=\"wp-block-columns is-layout-flex wp-container-core-columns-is-layout-9d6595d7 wp-block-columns-is-layout-flex\">\n<div class=\"wp-block-column is-layout-flow wp-block-column-is-layout-flow\" style=\"flex-basis:66.66%\">\n<p>Wir sind eine Gruppe begeisterter Freizeitt\u00e4nzer aus Kallstadt und Umgebung.<\/p>\n\n\n\n<p>Wir wollen unsere t\u00e4nzerischen F\u00e4higkeiten durch regelm\u00e4\u00dfiges Training erhalten und mit neuen Figuren unser Repertoire stetig ausbauen.<\/p>\n\n\n\n<p>Wir sind auch Mitglied im Deutschen Tanzsportverband e.V. (DTV).<\/p>\n\n\n\n<p>Im Vordergrund steht f\u00fcr uns der Spa\u00df am Tanzen. Aber auch die Teilnahme am Vereinsleben ist uns wichtig.<\/p>\n<\/div>\n\n\n\n<div class=\"wp-block-column is-layout-flow wp-block-column-is-layout-flow\" style=\"flex-basis:33.33%\"><div class=\"wp-block-image\">\n<figure class=\"aligncenter size-full\"><img loading=\"lazy\" decoding=\"async\" width=\"117\" height=\"266\" src=\"https:\/\/tvkallstadt.de\/wp-content\/uploads\/2023\/07\/Tanz-Logo.png\" alt=\"\" class=\"wp-image-288\"\/><\/figure><\/div><\/div>\n<\/div>\n\n\n\n<div class=\"wp-block-columns is-layout-flex wp-container-core-columns-is-layout-9d6595d7 wp-block-columns-is-layout-flex\">\n<div class=\"wp-block-column is-layout-flow wp-block-column-is-layout-flow\" style=\"flex-basis:50%\"><div class=\"wp-block-image\">\n<figure class=\"aligncenter size-full is-resized\"><img loading=\"lazy\" decoding=\"async\" src=\"https:\/\/tvkallstadt.de\/wp-content\/uploads\/2023\/07\/Quickstep.jpg\" alt=\"\" class=\"wp-image-283\" width=\"208\" height=\"290\"\/><\/figure><\/div>\n\n\n<p class=\"has-text-align-center\">Trainerin Lisa Marie Bauer beim Quickstep einstudieren<\/p>\n<\/div>\n\n\n\n<div class=\"wp-block-column is-layout-flow wp-block-column-is-layout-flow\" style=\"flex-basis:50%\">\n<blockquote class=\"wp-block-quote is-layout-flow wp-block-quote-is-layout-flow\">\n<p>\u201eNichts ist dem Menschen so unentbehrlich wie der Tanz.\u201c<\/p>\n<cite>Moli\u00e8re<\/cite><\/blockquote>\n<\/div>\n<\/div>\n","protected":false},"excerpt":{"rendered":"<p>Wir \u00fcber uns Wir sind eine Gruppe begeisterter Freizeitt\u00e4nzer aus Kallstadt und Umgebung. Wir wollen unsere t\u00e4nzerischen F\u00e4higkeiten durch regelm\u00e4\u00dfiges Training erhalten und mit neuen Figuren unser Repertoire stetig ausbauen. Wir sind auch Mitglied im Deutschen Tanzsportverband e.V. (DTV). Im Vordergrund steht f\u00fcr uns der Spa\u00df am Tanzen. Aber auch die Teilnahme am Vereinsleben ist &hellip; <a href=\"https:\/\/tvkallstadt.de\/?page_id=282\" class=\"more-link\"><span class=\"screen-reader-text\">\u201eTanzsport-Abteilung\u201c<\/span> weiterlesen<\/a><\/p>\n","protected":false},"author":1,"featured_media":0,"parent":0,"menu_order":0,"comment_status":"closed","ping_status":"closed","template":"","meta":{"footnotes":""},"class_list":["post-282","page","type-page","status-publish","hentry"],"_links":{"self":[{"href":"https:\/\/tvkallstadt.de\/index.php?rest_route=\/wp\/v2\/pages\/282","targetHints":{"allow":["GET"]}}],"collection":[{"href":"https:\/\/tvkallstadt.de\/index.php?rest_route=\/wp\/v2\/pages"}],"about":[{"href":"https:\/\/tvkallstadt.de\/index.php?rest_route=\/wp\/v2\/types\/page"}],"author":[{"embeddable":true,"href":"https:\/\/tvkallstadt.de\/index.php?rest_route=\/wp\/v2\/users\/1"}],"replies":[{"embeddable":true,"href":"https:\/\/tvkallstadt.de\/index.php?rest_route=%2Fwp%2Fv2%2Fcomments&post=282"}],"version-history":[{"count":21,"href":"https:\/\/tvkallstadt.de\/index.php?rest_route=\/wp\/v2\/pages\/282\/revisions"}],"predecessor-version":[{"id":401,"href":"https:\/\/tvkallstadt.de\/index.php?rest_route=\/wp\/v2\/pages\/282\/revisions\/401"}],"wp:attachment":[{"href":"https:\/\/tvkallstadt.de\/index.php?rest_route=%2Fwp%2Fv2%2Fmedia&parent=282"}],"curies":[{"name":"wp","href":"https:\/\/api.w.org\/{rel}","templated":true}]}}

<nav class="has-text-color has-bright-blue-color items-justified-left wp-block-navigation is-horizontal is-content-justification-left is-layout-flex wp-container-core-navigation-is-layout-92fc3979 wp-block-navigation-is-layout-flex" aria-label="Tanzsport-Abteilung"><ul class="wp-block-navigation__container has-text-color has-bright-blue-color items-justified-left wp-block-navigation"><li class=" wp-block-navigation-item wp-block-navigation-link"><a class="wp-block-navigation-item__content"  href="https://tvkallstadt.de/?page_id=329"><span class="wp-block-navigation-item__label">Die Trainerin</span></a></li><li class=" wp-block-navigation-item wp-block-navigation-link"><a class="wp-block-navigation-item__content"  href="https://tvkallstadt.de/?page_id=341"><span class="wp-block-navigation-item__label">Historie</span></a></li><li class=" wp-block-navigation-item wp-block-navigation-link"><a class="wp-block-navigation-item__content"  href="https://tvkallstadt.de/?page_id=344"><span class="wp-block-navigation-item__label">Mitglied werden</span></a></li><li class=" wp-block-navigation-item wp-block-navigation-link"><a class="wp-block-navigation-item__content"  href="https://tvkallstadt.de/?page_id=347"><span class="wp-block-navigation-item__label">Repertoire</span></a></li><li class=" wp-block-navigation-item wp-block-navigation-link"><a class="wp-block-navigation-item__content"  href="https://tvkallstadt.de/?page_id=351"><span class="wp-block-navigation-item__label">Übungsabende</span></a></li><li class=" wp-block-navigation-item wp-block-navigation-link"><a class="wp-block-navigation-item__content"  href="https://tvkallstadt.de/?page_id=356"><span class="wp-block-navigation-item__label">Vereinsleben</span></a></li><li class=" wp-block-navigation-item wp-block-navigation-link"><a class="wp-block-navigation-item__content"  href="https://tvkallstadt.de/?page_id=359"><span class="wp-block-navigation-item__label">Kontakt</span></a></li></ul></nav>


<h2 class="wp-block-heading">Wir über uns</h2>



<div class="wp-block-columns is-layout-flex wp-container-core-columns-is-layout-9d6595d7 wp-block-columns-is-layout-flex">
<div class="wp-block-column is-layout-flow wp-block-column-is-layout-flow" style="flex-basis:66.66%">
<p>Wir sind eine Gruppe begeisterter Freizeittänzer aus Kallstadt und Umgebung.</p>



<p>Wir wollen unsere tänzerischen Fähigkeiten durch regelmäßiges Training erhalten und mit neuen Figuren unser Repertoire stetig ausbauen.</p>



<p>Wir sind auch Mitglied im Deutschen Tanzsportverband e.V. (DTV).</p>



<p>Im Vordergrund steht für uns der Spaß am Tanzen. Aber auch die Teilnahme am Vereinsleben ist uns wichtig.</p>
</div>



<div class="wp-block-column is-layout-flow wp-block-column-is-layout-flow" style="flex-basis:33.33%"><div class="wp-block-image">
<figure class="aligncenter size-full"><img loading="lazy" decoding="async" width="117" height="266" src="https://tvkallstadt.de/wp-content/uploads/2023/07/Tanz-Logo.png" alt="" class="wp-image-288"/></figure></div></div>
</div>



<div class="wp-block-columns is-layout-flex wp-container-core-columns-is-layout-9d6595d7 wp-block-columns-is-layout-flex">
<div class="wp-block-column is-layout-flow wp-block-column-is-layout-flow" style="flex-basis:50%"><div class="wp-block-image">
<figure class="aligncenter size-full is-resized"><img loading="lazy" decoding="async" src="https://tvkallstadt.de/wp-content/uploads/2023/07/Quickstep.jpg" alt="" class="wp-image-283" width="208" height="290"/></figure></div>


<p class="has-text-align-center">Trainerin Lisa Marie Bauer beim Quickstep einstudieren</p>
</div>



<div class="wp-block-column is-layout-flow wp-block-column-is-layout-flow" style="flex-basis:50%">
<blockquote class="wp-block-quote is-layout-flow wp-block-quote-is-layout-flow">
<p>„Nichts ist dem Menschen so unentbehrlich wie der Tanz.“</p>
<cite>Molière</cite></blockquote>
</div>
</div>

<p>Wir über uns Wir sind eine Gruppe begeisterter Freizeittänzer aus Kallstadt und Umgebung. Wir wollen unsere tänzerischen Fähigkeiten durch regelmäßiges Training erhalten und mit neuen Figuren unser Repertoire stetig ausbauen. Wir sind auch Mitglied im Deutschen Tanzsportverband e.V. (DTV). Im Vordergrund steht für uns der Spaß am Tanzen. Aber auch die Teilnahme am Vereinsleben ist &hellip; <a href="https://tvkallstadt.de/?page_id=282" class="more-link"><span class="screen-reader-text">„Tanzsport-Abteilung“</span> weiterlesen</a></p>
